{"id":103,"date":"2017-02-06T11:35:43","date_gmt":"2017-02-06T11:35:43","guid":{"rendered":"http:\/\/tepish.xyz\/blog\/?page_id=103"},"modified":"2017-02-06T11:35:43","modified_gmt":"2017-02-06T11:35:43","slug":"ohje","status":"publish","type":"page","link":"https:\/\/tepish.xyz\/blog\/ohje\/","title":{"rendered":"Ohje"},"content":{"rendered":"<div class=\"entry\">\n<p>Kuinka blogi sivusto toimii<\/p>\n<p>Kun saavut sivulle n\u00e4et kokoelman viimeaikaisista kirjoituksista etusivulle tultaessa.<\/p>\n<p>Oikealla puolella sivua on osio, josta n\u00e4kee nopeasti uusimmat kirjoitukset.<\/p>\n<p>Arkistojen kautta voi eri aikoina kirjoitettujen kirjoitusten mukaisesti lukea sivuston artikkeleita<\/p>\n<p>Merkitt\u00e4v\u00e4 toiminto on kategoriat. T\u00e4m\u00e4n kautta voi lukea artikkeleita joita olen kirjoittanut tietyist\u00e4 kategorioista. Jos esimerkiksi haluat lukea mit\u00e4 olen kirjoittanut blenderist\u00e4 ja muusta taiteesta, niin t\u00e4\u00e4ll\u00e4 klikkaamalla taide osioon n\u00e4et vain kyseiset artikkelit.<\/p>\n<\/div>\n","protected":false},"excerpt":{"rendered":"<p>Kuinka blogi sivusto toimii Kun saavut sivulle n\u00e4et kokoelman viimeaikaisista kirjoituksista etusivulle tultaessa. Oikealla puolella sivua on osio, josta n\u00e4kee nopeasti uusimmat kirjoitukset. Arkistojen kautta voi eri aikoina kirjoitettujen kirjoitusten mukaisesti lukea sivuston artikkeleita Merkitt\u00e4v\u00e4 toiminto on kategoriat. T\u00e4m\u00e4n kautta voi lukea artikkeleita joita olen kirjoittanut tietyist\u00e4 kategorioista. Jos esimerkiksi haluat lukea mit\u00e4 olen kirjoittanut &#8230;<\/p>\n","protected":false},"author":1,"featured_media":0,"parent":0,"menu_order":0,"comment_status":"closed","ping_status":"closed","template":"","meta":{"footnotes":""},"class_list":["post-103","page","type-page","status-publish"],"_links":{"self":[{"href":"https:\/\/tepish.xyz\/blog\/wp-json\/wp\/v2\/pages\/103","targetHints":{"allow":["GET"]}}],"collection":[{"href":"https:\/\/tepish.xyz\/blog\/wp-json\/wp\/v2\/pages"}],"about":[{"href":"https:\/\/tepish.xyz\/blog\/wp-json\/wp\/v2\/types\/page"}],"author":[{"embeddable":true,"href":"https:\/\/tepish.xyz\/blog\/wp-json\/wp\/v2\/users\/1"}],"replies":[{"embeddable":true,"href":"https:\/\/tepish.xyz\/blog\/wp-json\/wp\/v2\/comments?post=103"}],"version-history":[{"count":1,"href":"https:\/\/tepish.xyz\/blog\/wp-json\/wp\/v2\/pages\/103\/revisions"}],"predecessor-version":[{"id":104,"href":"https:\/\/tepish.xyz\/blog\/wp-json\/wp\/v2\/pages\/103\/revisions\/104"}],"wp:attachment":[{"href":"https:\/\/tepish.xyz\/blog\/wp-json\/wp\/v2\/media?parent=103"}],"curies":[{"name":"wp","href":"https:\/\/api.w.org\/{rel}","templated":true}]}}